{"id":1131,"date":"2025-02-14T09:21:23","date_gmt":"2025-02-14T06:21:23","guid":{"rendered":"https:\/\/turizmegitim.selcuk.edu.tr\/?page_id=1131"},"modified":"2025-02-14T16:16:46","modified_gmt":"2025-02-14T13:16:46","slug":"egitim-3-icsel-dunyaya-yolculuk-spirituel-turizm-selcuk-universitesi-konya-29-eylul-02-ekim-2025","status":"publish","type":"page","link":"https:\/\/turizmegitim.selcuk.edu.tr\/index.php\/egitim-3-icsel-dunyaya-yolculuk-spirituel-turizm-selcuk-universitesi-konya-29-eylul-02-ekim-2025\/","title":{"rendered":"E\u011fitim 3: \u201c\u0130\u00e7sel D\u00fcnyaya Yolculuk: Spirit\u00fcel Turizm\u201d, Sel\u00e7uk \u00dcniversitesi , Konya, 29 Eyl\u00fcl-02 Ekim 2025"},"content":{"rendered":"\n<p><a href=\"https:\/\/turizmegitim.selcuk.edu.tr\/wp-content\/uploads\/2025\/02\/Amac-4.pdf\" data-type=\"link\" data-id=\"https:\/\/turizmegitim.selcuk.edu.tr\/wp-content\/uploads\/2025\/02\/Amac-4.pdf\">Ama\u00e7<\/a><\/p>\n\n\n\n<p><a href=\"https:\/\/turizmegitim.selcuk.edu.tr\/wp-content\/uploads\/2025\/02\/Kapsam-1.pdf\">Kapsam<\/a><\/p>\n\n\n\n<p><a href=\"https:\/\/turizmegitim.selcuk.edu.tr\/wp-content\/uploads\/2025\/02\/Hedef-Kitle-2.pdf\">Hedef Kitle<\/a><\/p>\n\n\n\n<p><a href=\"https:\/\/turizmegitim.selcuk.edu.tr\/wp-content\/uploads\/2025\/02\/Kurullar.pdf\">Kurullar<\/a><\/p>\n\n\n\n<p><a href=\"https:\/\/turizmegitim.selcuk.edu.tr\/wp-content\/uploads\/2025\/02\/Egitmenler.pdf\">E\u011fitmenler<\/a><\/p>\n\n\n\n<p><a href=\"https:\/\/turizmegitim.selcuk.edu.tr\/wp-content\/uploads\/2025\/02\/Egitim-Programi-1.pdf\">E\u011fitim Program\u0131<\/a><\/p>\n\n\n\n<p><a href=\"https:\/\/turizmegitim.selcuk.edu.tr\/wp-content\/uploads\/2025\/02\/Katilimci-Basvuru-Formu.pdf\">Kat\u0131l\u0131mc\u0131 Ba\u015fvuru Formu<\/a><\/p>\n\n\n\n<p><a href=\"https:\/\/turizmegitim.selcuk.edu.tr\/wp-content\/uploads\/2025\/02\/Katilimci-Secim-Formu-1.pdf\">Kat\u0131l\u0131mc\u0131 Se\u00e7im Formu<\/a><\/p>\n\n\n\n<p><a href=\"https:\/\/turizmegitim.selcuk.edu.tr\/wp-content\/uploads\/2025\/02\/Egitim-Degerlendirme-Formu-3.pdf\">E\u011fitim De\u011ferlendirme Formu<\/a><\/p>\n\n\n\n<p><a href=\"https:\/\/turizmegitim.selcuk.edu.tr\/wp-content\/uploads\/2025\/02\/Onemli-Tarihler.pdf\">\u00d6nemli Tarihler<\/a><\/p>\n\n\n\n<p><\/p>\n","protected":false},"excerpt":{"rendered":"<p>Ama\u00e7 Kapsam Hedef Kitle Kurullar E\u011fitmenler E\u011fitim Program\u0131 Kat\u0131l\u0131mc\u0131 Ba\u015fvuru Formu Kat\u0131l\u0131mc\u0131 Se\u00e7im Formu E\u011fitim De\u011ferlendirme Formu \u00d6nemli Tarihler<\/p>\n","protected":false},"author":2,"featured_media":0,"parent":0,"menu_order":0,"comment_status":"closed","ping_status":"closed","template":"","meta":{"footnotes":""},"class_list":["post-1131","page","type-page","status-publish","hentry"],"_links":{"self":[{"href":"https:\/\/turizmegitim.selcuk.edu.tr\/index.php\/wp-json\/wp\/v2\/pages\/1131","targetHints":{"allow":["GET"]}}],"collection":[{"href":"https:\/\/turizmegitim.selcuk.edu.tr\/index.php\/wp-json\/wp\/v2\/pages"}],"about":[{"href":"https:\/\/turizmegitim.selcuk.edu.tr\/index.php\/wp-json\/wp\/v2\/types\/page"}],"author":[{"embeddable":true,"href":"https:\/\/turizmegitim.selcuk.edu.tr\/index.php\/wp-json\/wp\/v2\/users\/2"}],"replies":[{"embeddable":true,"href":"https:\/\/turizmegitim.selcuk.edu.tr\/index.php\/wp-json\/wp\/v2\/comments?post=1131"}],"version-history":[{"count":29,"href":"https:\/\/turizmegitim.selcuk.edu.tr\/index.php\/wp-json\/wp\/v2\/pages\/1131\/revisions"}],"predecessor-version":[{"id":1202,"href":"https:\/\/turizmegitim.selcuk.edu.tr\/index.php\/wp-json\/wp\/v2\/pages\/1131\/revisions\/1202"}],"wp:attachment":[{"href":"https:\/\/turizmegitim.selcuk.edu.tr\/index.php\/wp-json\/wp\/v2\/media?parent=1131"}],"curies":[{"name":"wp","href":"https:\/\/api.w.org\/{rel}","templated":true}]}}